 + 2915. List the prime factors of (-1)/(-8) - (-9)/(288/g).
37
Let x(g) = 524*g**2 - 3*g + 2. Let c be 1*(-2 - 0/(-3 - -6)). Let i be x(c). Suppose 12*p - i = 572. List the prime factors of p.
223
Let i = -268 - -300. What are the prime factors of (3720/i)/((-6)/(-16))?
2, 5, 31
Let a(u) = -4*u - 4*u**3 + 3*u**2 + 8*u**3 - 5*u**3. Let g be a(3). What are the prime factors of ((75/(-6))/5)/(1/g)?
2, 3, 5
Suppose -5*u = h - 31872, 2*h - 63762 = 10*u - 14*u. List the prime factors of h.
3, 1181
Suppose 3*y = y - 8. List the prime factors of ((-20)/25)/(y/970).
2, 97
Let p = -1825 + 1828. Suppose 4*o - n = -o + 473, 5*o + 5*n - 455 = 0. Suppose x + o = w - x, -5*w - p*x = -483. What are the prime factors of w?
2, 3
Suppose 23489 + 3043 = 66*h. What are the prime factors of h?
2, 3, 67
Suppose 5*y = -642 + 1562. Suppose -5*c - 140 = -3*t - 0*t, -4*c + y = 5*t. Suppose -g = -43 - t. List the prime factors of g.
83
What are the prime factors of (183700/35 - (-6)/14)/1?
29, 181
Let l = -44 - -49. Suppose g - 6*g + l = -3*d, d = -g + 1. Suppose 5*o + 0*o - 380 = d. List the prime factors of o.
2, 19
Suppose -3*u = 2*q - 23708, 29*u - 5*q + 31599 = 33*u. What are the prime factors of u?
2, 59, 67
Let b = 317 + -244. Suppose -62*k = -b*k + 6171. List the prime factors of k.
3, 11, 17
List the prime factors of 3486513/274 - (-6)/(-4).
3, 4241
Suppose -20*z - 10 + 70 = 0. Suppose 4*o - 92 = z*o. What are the prime factors of o?
2, 23
Let z(g) = -2*g**3 - 15*g**2 + 4*g + 18. Let c be z(-11). Suppose 5*q = b + c, -5*q + b = 3*b - 833. List the prime factors of q.
3, 5, 11
Let p(h) = 359*h - 4800. List the prime factors of p(34).
2, 7, 23
Let v(f) = 123*f**2 + 27. Let k be v(7). Suppose 0 = 18*t - k - 7914. What are the prime factors of t?
2, 97
Suppose 22*h + 54425 = q + 19*h, 2*h - 217770 = -4*q. List the prime factors of q.
2, 5, 1361
Let a = 117 + -114. Suppose -44 + 957 = 3*l + 2*u, -4*u - 937 = -a*l. List the prime factors of l.
307
Let v(h) = -h**3 + 3*h**2 + 13*h + 5. Let g = -42 - -48. Let i be v(g). Let p = i - -41. What are the prime factors of p?
2
Let b(i) = -i**3 + 4*i**2 + 27*i + 9. Let u be b(10). Let j = 433 + u. List the prime factors of j.
2, 7
Suppose 594 = -3*o + 4*q + 1535, -2*o = 3*q - 650. Let t = o - 167. Let w = 251 - t. What are the prime factors of w?
3, 11
Let b = -678 - -683. Suppose 8*p + b*v - 89 = 4*p, -2*v = 5*p - 90. List the prime factors of p.
2
Let g be (-2 - (-8 - -3))*82/3. Let w = g - -145. List the prime factors of w.
227
Let s = 6823 + 11110. What are the prime factors of s?
79, 227
Suppose 3*v - 4*l - 12049 + 1412 = 0, 5*v - 17775 = -5*l. Suppose -10*j = -v - 1369. What are the prime factors of j?
2, 3, 41
Suppose 5*b = -3*n + 2*n + 75, -5*n - b = -327. Suppose -n*z + 47*z + 13482 = 0. List the prime factors of z.
7, 107
Let i(g) = 4*g + 65. Let x(l) = 6*l + 98. Let o(s) = -8*i(s) + 5*x(s). Let h be o(-14). Let a(m) = 27*m**2 + 3*m + 4. What are the prime factors of a(h)?
2, 53
Let h = -2506 - -2589. List the prime factors of h.
83
Let i be 6/9 - 1/(9/(-21)). Suppose -4*u + 797 = 3*l, -310 = -i*u + 5*l + 324. List the prime factors of u.
7, 29
Let k = -1459 - -2412. Suppose 2*n = 643 + k. What are the prime factors of n?
2, 3, 7, 19
What are the prime factors of (4/(-1) - (-44160)/((-56)/7))*-6?
2, 3, 1381
Suppose -3*y + 19 - 1 = 0. Let c be 86 - -26 - (0 - (2 - 1)). Suppose y*f - 685 = c. What are the prime factors of f?
7, 19
Suppose u + 61 = 4*b, 3*u - 16 = -5*b + 73. Suppose -b*s + 9*s + 4074 = 0. List the prime factors of s.
2, 3, 97
Let z(a) = 2136*a + 15849. What are the prime factors of z(30)?
3, 83, 107
Suppose 0 = -6*l + 2*l + 5216. Suppose -5*w - 3*a + 1670 = 0, 3*w - 4*a - l = -w. Let d = -102 + w. List the prime factors of d.
229
Let k(o) = 816*o**2 + 215*o + 1979. List the prime factors of k(-10).
3, 27143
Let o(a) = 872*a + 789. List the prime factors of o(9).
3, 2879
Let n(x) = 39*x**2 + 56*x + 1027. List the prime factors of n(-11).
2, 3, 5, 19
Suppose 6*s = 11*s - 20. What are the prime factors of (6/1 - s)*(1 + 16)?
2, 17
Let u(c) be the third derivative of c**7/630 - 23*c**6/720 + c**5/2 + 9*c**2. Let s(k) be the third derivative of u(k). List the prime factors of s(11).
5, 13
Let p be (-4)/(-7 - -3) - 5. Let d(y) = y**2 + 6*y + 12. Let j be d(p). List the prime factors of (-3 + j)/((-2)/(-292)).
2, 73
Let t = -6139 + 11368. What are the prime factors of t?
3, 7, 83
Let h = -178 + 276. Suppose -h*m - 2220 = -104*m. What are the prime factors of m?
2, 5, 37
List the prime factors of 232/9*639/142.
2, 29
Let n(o) = o**2 - o + 12. Let v(x) be the second derivative of x**3/2 - 3*x**2/2 - 10*x. Let g be v(1). List the prime factors of n(g).
2, 3
Suppose -s + 63 = z, -z + s = 3*s - 67. Let q = z - -78. Suppose -q = -22*r + 21*r. What are the prime factors of r?
137
Let v(o) = o**3 + 35*o**2 + 26*o + 7. Let k(t) = -t**3 - 33*t**2 - 26*t - 6. Let s(c) = -4*k(c) - 3*v(c). What are the prime factors of s(-8)?
3, 337
Let a(k) = -356*k**2 + 1. Let w be a(-1). Suppose 0 = 950*l - 960*l - 5620. Let i = w - l. What are the prime factors of i?
3, 23
Let g(s) = -s**2 + 7*s + 26. Let t be g(-3). Let j(x) = -188*x - 131. List the prime factors of j(t).
3, 23
Let h = -45 + -33. List the prime factors of h/195 + (-5914)/(-10).
3, 197
Suppose 0 = 3*s - 0*s + 3624. Let n = 1316 + -1320. What are the prime factors of s/(-6) + (1 - n/(-12))?
2, 101
Suppose -3*i = -3, -4*i - 9 = 2*k - i. Let n = k + 6. Suppose 0*t = 2*t + 3*m - 83, 2*t + 4*m - 88 = n. What are the prime factors of t?
2, 17
Suppose 0 = 3*r - 0*m + 2*m - 20, r = -3*m + 2. Suppose -r*y + 396 = -20. Let k = 99 - y. List the prime factors of k.
47
Suppose 79*u - 895196 = -137665. List the prime factors of u.
43, 223
Suppose -4*l = -2*a + 585 + 761, 5*a + 990 = -3*l. List the prime factors of (5 - 4)/((-1)/l).
5, 67
Suppose q - 3*q = -504. Let w = -2392 - -2581. Suppose -3*b + w = c, 4*b + 5*c = c + q. List the prime factors of b.
3, 7
Suppose -2*t - 5*n + 6 = 0, -t - 15 = -6*t - n. What are the prime factors of ((-36)/(-10))/t*(-32550)/(-45)?
2, 7, 31
Let b = -158 + 222. Let m = -60 + b. Suppose -2*t + 4*q = -m, -3*t = -4*q - q - 6. What are the prime factors of t?
2
Let a = 2114 + -869. Let y = a + -868. Suppose -3*x = -2*w - y, -3*x + 3*w + 379 = 2*w. What are the prime factors of x?
127
Let y(z) = -691*z - 2144. List the prime factors of y(-6).
2, 7, 11, 13
Let i(u) = 604*u**2 + 65*u - 368. What are the prime factors of i(5)?
3, 7, 239
Suppose 3*j + 76 = 445. Let p = -118 + j. What are the prime factors of ((-55)/2 - 2)/(p/(-10))?
59
Let p = 70 - 66. Suppose i = 5*x - 534, 3*x + 0*x = p*i + 2153. Let l = -307 - i. List the prime factors of l.
2, 29
Let w(p) = -7*p - 10. Let u be w(-2). Suppose -2*a - 140 + 10 = -u*b, 3*a = -3. What are the prime factors of b?
2
Let n(a) = 3681*a + 545. List the prime factors of n(1).
2, 2113
Let l be 5 + 0 + 108/(-36). List the prime factors of ((-9)/(-6))/((-3)/(-1256)*l).
2, 157
Let f(d) = 54*d + 47. Let x(h) = -53*h - 48. Let y(r) = -3*f(r) - 4*x(r). What are the prime factors of y(10)?
19, 29
Suppose 0 = -394*h + 414*h - 25440. What are the prime factors of h?
2, 3, 53
Let o(l) = l**3 + 16*l**2 - 20*l + 40. Suppose 3*v + 60 = -k + 20, 0 = -5*k - 5. List the prime factors of o(v).
3, 269
Let w = -1388 - -19693. List the prime factors of w.
5, 7, 523
Let f = 30984 + -3144. List the prime factors of f.
2, 3, 5, 29
Let f(p) = 59*p**2 - 168*p + 6. List the prime factors of f(-5).
11, 211
Suppose 47*t + 2*o + 801 = 52*t, -5*t = 5*o - 815. Suppose t*b - 175*b = -15064. What are the prime factors of b?
2, 269
Let w(d) = 1602*d - 382. List the prime factors of w(5).
2, 1907
Let o(c) = 4128*c + 3308. List the prime factors of o(19).
2, 5, 61, 67
List the prime factors of (6 + (-7 - 0))/(1/(-4)) - -2.
2, 3
Suppose -3*r = -c - 205, 139 + 61 = 3*r - 2*c. Let b = -65 + r. Suppose -4*m + b*j + 304 = 0, -304 = -4*m - j + 3*j. What are the prime factors of m?
2, 19
Let k = -14691 - -16208. List the prime factors of k.
37, 41
Let r = 41603 - 12082. List the prime factors of r.
53, 557
Let q(u) = u**3 + 12*u**2 - u - 12. Let m be q(-5). What are the prime factors of (32/(-28) + 2)/(4/m)?
2, 3
Suppose -2*i + 31104 = 2*z, -i = 3*z - 4